factor of 1134 and 105.
21
What is the highest common divisor of 3978 and 26?
26
What is the highest common factor of 2212 and 308?
28
What is the highest common divisor of 182 and 78?
26
What is the highest common factor of 816 and 782?
34
Calculate the greatest common divisor of 1 and 1.
1
What is the highest common divisor of 1700 and 500?
100
What is the greatest common factor of 319 and 29?
29
What is the greatest common factor of 140 and 520?
20
What is the highest common divisor of 24 and 1074?
6
What is the greatest common divisor of 37 and 481?
37
What is the greatest common divisor of 1364 and 3124?
44
Calculate the highest common divisor of 1651 and 13.
13
Calculate the highest common factor of 104 and 8.
8
What is the greatest common divisor of 45 and 15165?
45
Calculate the greatest common factor of 82 and 287.
41
Calculate the highest common factor of 74 and 37.
37
What is the greatest common factor of 144 and 192?
48
Calculate the highest common divisor of 500 and 24.
4
What is the highest common factor of 390 and 26?
26
Calculate the highest common factor of 116 and 15544.
116
What is the highest common factor of 45 and 585?
45
What is the greatest common factor of 76 and 2812?
76
Calculate the greatest common divisor of 120 and 108.
12
What is the greatest common factor of 84 and 16828?
28
What is the highest common factor of 637 and 117?
13
What is the greatest common factor of 64 and 800?
32
Calculate the greatest common divisor of 2051 and 21.
7
What is the greatest common factor of 436 and 1090?
218
What is the highest common factor of 275 and 4510?
55
What is the greatest common divisor of 1850 and 555?
185
What is the greatest common divisor of 104 and 91?
13
What is the greatest common factor of 608 and 209?
19
Calculate the greatest common divisor of 19129 and 94.
47
Calculate the greatest common divisor of 192 and 128.
64
Calculate the greatest common divisor of 1 and 1.
1
What is the highest common divisor of 44 and 1188?
44
What is the greatest common factor of 720 and 72?
72
What is the greatest common factor of 61 and 12871?
61
Calculate the highest common divisor of 81 and 27.
27
Calculate the highest common divisor of 7279 and 251.
251
What is the highest common divisor of 8 and 391?
1
Calculate the highest common divisor of 280 and 35.
35
What is the highest common factor of 6109 and 82?
41
What is the greatest common divisor of 2662 and 88?
22
What is the highest common divisor of 384 and 24?
24
Calculate the greatest common factor of 104 and 1352.
104
What is the highest common factor of 72 and 168?
24
Calculate the greatest common divisor of 500 and 120.
20
Calculate the greatest common divisor of 33 and 33.
33
Calculate the greatest common divisor of 122 and 19215.
61
What is the highest common divisor of 15 and 3405?
15
Calculate the highest common factor of 64 and 152.
8
Calculate the greatest common divisor of 85 and 73015.
85
What is the highest common divisor of 59752 and 22?
22
Calculate the greatest common factor of 19 and 323.
19
What is the highest common divisor of 1296 and 16?
16
Calculate the highest common divisor of 23 and 7268.
23
Calculate the highest common factor of 189 and 252.
63
Calculate the highest common factor of 243 and 11259.
81
Calculate the greatest common divisor of 30 and 96.
6
Calculate the highest common factor of 1620 and 495.
45
Calculate the greatest common divisor of 1659 and 21.
21
Calculate the greatest common factor of 850 and 102.
34
Calculate the highest common divisor of 1088 and 34.
34
Calculate the greatest common divisor of 36 and 306.
18
Calculate the highest common factor of 1898 and 1022.
146
Calculate the greatest common factor of 195 and 156.
39
Calculate the greatest common factor of 71128 and 136.
136
What is the highest common divisor of 4460 and 80?
20
What is the highest common factor of 120 and 60?
60
Calculate the greatest common factor of 976 and 24.
8
Calculate the greatest common divisor of 8 and 26.
2
Calculate the highest common factor of 54 and 6129.
27
Calculate the greatest common divisor of 62 and 899.
31
Calculate the greatest common factor of 16 and 2648.
8
Calculate the greatest common factor of 4048 and 32.
16
Calculate the highest common factor of 11 and 1441.
11
What is the greatest common divisor of 14 and 14154?
14
What is the highest common divisor of 162 and 24?
6
What is the greatest common factor of 304 and 112?
16
Calculate the greatest common factor of 1 and 379.
1
What is the highest common divisor of 3052 and 112?
28
What is the highest common factor of 22 and 990?
22
Calculate the highest common factor of 306 and 28866.
102
What is the highest common factor of 144 and 369?
9
What is the greatest common divisor of 12382 and 151?
151
Calculate the highest common divisor of 12 and 8.
4
What is the greatest common factor of 12772 and 31?
31
What is the highest common divisor of 69 and 92?
23
What is the highest common factor of 475 and 760?
95
What is the greatest common factor of 20 and 740?
20
Calculate the greatest common factor of 1790 and 30.
10
What is the highest common factor of 186 and 61101?
93
Calculate the greatest common factor of 1292 and 442.
34
What is the highest common factor of 33 and 110?
11
Calculate the greatest common factor of 50375 and 65.
65
Calculate the highest common divisor of 8 and 200.
8
What is the highest common divisor of 48 and 112?
16
Calculate the highest common factor of 58 and 9309.
29
What is the highest common factor of 4448 and 139?
139
What is the highest common factor of 40 and 1810?
10
What is the greatest common divisor of 14 and 182?
14
What is the highest common divisor of 108 and 16?
4
What is the highest common divisor of 253 and 46?
23
What is the highest common factor of 253 and 759?
253
What is the highest common divisor of 76 and 418?
38
Calculate the highest common divisor of 531 and 8319.
177
What is the greatest common factor of 26 and 12077?
13
What is the highest common divisor of 85 and 2295?
85
Calculate the highest common factor of 209 and 38.
19
Calculate the highest common divisor of 635 and 127.
127
Calculate the highest common divisor of 299 and 253.
23
What is the greatest common factor of 8 and 190?
2
What is the greatest common factor of 54 and 38?
2
What is the highest common factor of 42 and 666?
6
What is the greatest common factor of 9 and 42?
3
Calculate the highest common factor of 1045 and 2035.
55
Calculate the greatest common factor of 32 and 444.
4
Calculate the highest common factor of 735 and 42.
21
Calculate the highest common divisor of 3 and 2340.
3
What is the greatest common divisor of 78 and 208?
26
What is the greatest common factor of 301 and 21?
7
What is the greatest common factor of 10 and 1580?
10
Calculate the greatest common factor of 80 and 816.
16
What is the highest common divisor of 2509 and 13?
13
What is the greatest common factor of 3887 and 65?
13
Calculate the highest common divisor of 27 and 1971.
27
Calculate the greatest common divisor of 8 and 104.
8
Calculate the greatest common factor of 3 and 69.
3
What is the highest common factor of 3455 and 80?
5
Calculate the greatest common divisor of 54 and 24.
6
What is the greatest common factor of 10541 and 83?
83
What is the highest common factor of 708 and 612?
12
What is the greatest common factor of 561 and 22?
11
What is the highest common factor of 12 and 3196?
4
What is the highest common divisor of 1 and 2857?
1
What is the highest common divisor of 171 and 95?
19
What is the highest common divisor of 26 and 6526?
26
Calculate the greatest common divisor of 1184 and 32.
32
What is the greatest common factor of 6 and 4398?
6
Calculate the greatest common factor of 405 and 255.
15
What is the highest common divisor of 87 and 3?
3
Calculate the highest common factor of 280 and 35.
35
What is the greatest common divisor of 115 and 21160?
115
What is the highest common factor of 46 and 184?
46
Calculate the highest common factor of 14 and 1232.
14
Calculate the highest common divisor of 42 and 9170.
14
Calculate the highest common divisor of 70 and 69055.
35
What is the greatest common factor of 1440 and 324?
36
What is the highest common factor of 91 and 7826?
91
Calc